a composite number?
True
Suppose 0*y - 5*y = 5. Let h be (-1)/(-2)*12 + y. Suppose 3*w - 629 = -h*o - 56, 4*w - 5*o - 764 = 0. Is w composite?
False
Suppose -33*h = -325 + 61. Suppose 2131 = -h*s + 81995. Is s a prime number?
False
Let b(m) = m**2 + 19*m + 36. Let u be b(-17). Suppose u + 2 = -2*w, -4*y + 20 = -4*w. Suppose -3*n + y*f + 1269 = 0, 4*f - 1716 = -4*n + 2*f. Is n composite?
True
Let g = -329 - -697. Let r = -210 + g. Is (-2)/(-2 + -4) + r/3 composite?
False
Let d(i) = i**2 + 7*i + 12. Let k be d(-3). Suppose k = 14*h - 38576 - 10494. Is h prime?
False
Suppose -2*h - 3*w = -27613, h - w + 7283 = 21077. Is h prime?
True
Suppose -5*q = 4*v + 135, -2 - 10 = 4*q. Is 2/(-1)*27705/v prime?
True
Suppose 3*t + 4*s - 37 = 268, 200 = 2*t + s. Suppose -o - 105 = t. Let m = 7 - o. Is m a composite number?
False
Suppose 5*x + w + 0*w = -136392, -x - w - 27276 = 0. Let y = -16252 - x. Is y a composite number?
False
Let q = 45587 - -20652. Is q a composite number?
False
Is 70/210 - (0 - (-91652)/(-3)) composite?
True
Suppose -6*k - 5*c + 30318 = -5*k, -4*k = -2*c - 121184. Is k a prime number?
False
Is ((-26)/13)/(22/(-550363)) prime?
True
Suppose -293*t = -329*t + 4998276. Is t prime?
True
Let n(r) = 38*r - 16. Let f be n(4). Suppose 0 = -f*y + 145*y - 2826. Is y composite?
True
Let c = 22 - 20. Let a(f) = 18*f**2 - 15 - 6*f**c - 11*f**2 - 10*f. Is a(-10) a composite number?
True
Let b(i) = 417*i**2 - 399*i - 1595. Is b(-4) a composite number?
False
Suppose -44844*i = -44813*i - 32545381. Is i composite?
True
Let q be 1/6 - 689/(-78). Suppose 4*t - 4*h - 5612 = 0, -2*t + q*h + 2778 = 14*h. Is t prime?
True
Is 221216 + -7 + (1 - -8) a composite number?
True
Let w(j) = j**3 + 8*j**2 + 10*j - 17. Let s be w(-4). Let f(q) = 2014*q - 317. Is f(s) a composite number?
False
Suppose q - 5*l - 30377 - 20897 = 0, -2*q = -l - 102539. Is 16/88 + q/11 a composite number?
True
Let a(b) = 5*b**2 - 194*b + 226. Is a(57) prime?
True
Suppose 3*k + 16842 = 2*u, 73*u - 74*u + 8423 = -2*k. Let g = -206 + u. Is g composite?
False
Let r = 249 + -249. Suppose 3*d = -5*y + 40699, 2*y + r*y - 16292 = 5*d. Is y composite?
True
Let w = 515 + 85. Suppose 0 = y - 461 - 1272. Suppose -y - w = -i. Is i prime?
True
Suppose 44*g + 2134604 = -19*g + 16331087. Is g a composite number?
False
Suppose -11*t + 794358 = -2057920. Suppose -19*w - 1981 = -t. Is w a composite number?
True
Is ((-26)/(-6) - (-12 + 16))*(-4 + 1237507) a prime number?
False
Let r(f) be the second derivative of -437*f**4/24 + 13*f**3/6 - 15*f**2/2 - 19*f. Let x(c) be the first derivative of r(c). Is x(-2) composite?
False
Suppose -22 - 50 = -18*p. Suppose 0*s - p*s = -2*n - 7244, -5*s - 5*n + 9055 = 0. Is s composite?
False
Let h(c) be the first derivative of 323*c**2 + 231*c + 69. Is h(17) prime?
True
Let s = -588134 - -955497. Is s prime?
False
Suppose 2*o - 473489 = -1889353. Let a be (-4)/(-30) + o/(-60). Suppose -9656 - a = -7*t. Is t composite?
True
Let p(d) = 67666*d**2 + 154*d + 155. Is p(-1) composite?
True
Suppose 4*u + 19599 = 2*c - c, -5*u = 5*c - 98120. Is c a composite number?
True
Let m be 125/7 + 1/7. Is 2817 + -3*24/m composite?
True
Is (219831/5)/((-90)/(-150)) a prime number?
True
Suppose -11*n + 94*n - 338059 = 0. Is n composite?
False
Is (6/1)/(1476/198287562) composite?
True
Let j be -1 - 2/(5 + -3) - -5. Suppose -2 = j*k + 4. Is k - (6/(-33) - 5553/11) a prime number?
True
Suppose -3*j - 180 = -9*j. Let w(v) = -v**3 + 31*v**2 - 21*v + 23. Is w(j) a composite number?
False
Let r(o) = o**3 + 6*o**2 - 14*o - 104. Let j be r(-6). Is 9/(-36) - 136025/j composite?
True
Suppose 4*z - 1236 - 2696 = -5*p, 4*p + 2*z - 3142 = 0. Is (-24 - -28) + (-2)/2 + p prime?
True
Suppose -3*l - 18 = -3*p, 4*p - 3*l - 16 = -7*l. Suppose -4*i + 16 = 3*h - 7, p*i = 4*h - 10. Suppose -5*v + i*v - 3256 = -5*o, o + 4*v = 665. Is o prime?
True
Let k(w) = 4*w + 92. Let i be k(-22). Let s(y) = 2145*y - 59. Let x(g) = -536*g + 15. Let o(c) = -2*s(c) - 9*x(c). Is o(i) composite?
True
Suppose 4*n - 4*n = -n. Suppose -4*q + 4*t = -15808, q + n*t - 3940 = 4*t. Let c = q - 847. Is c a prime number?
True
Suppose -6*k + 8*k - 14 = -4*w, -4*w - 3*k + 17 = 0. Suppose w*m = -2*s + 75524, 3*s - 166020 + 52728 = 3*m. Is s a prime number?
False
Let b(k) be the third derivative of k**4/24 - 13*k**3/6 + 16*k**2. Let p be b(22). Suppose -1756 = 5*q - p*q. Is q prime?
True
Suppose 5*u - 625 = -190. Let t be (u/6)/(-3 - 412/(-136)). Suppose 2*d - d = t. Is d a composite number?
True
Suppose 0 = -11*l - 2 + 24. Suppose -l*u + 126 = -1972. Is u a prime number?
True
Suppose 6*i + 223975 - 974521 = 0. Suppose i = 16*f + 16915. Is f composite?
False
Let l be 6*(1048 + (-2 + -2 - -4)). Suppose -5*c - 3 = -l. Is c a prime number?
False
Let f be 22*(3/4 + 1/(-4)). Suppose -2*g = 3*v - 84, 3*g + 101 = 4*v - f. Is (-8)/v - 25/(-14)*246 composite?
False
Suppose 0 = z, -4*h = -3*z + 7*z + 37496. Let w = -3177 - h. Is w a prime number?
True
Let k(r) be the second derivative of r**5/10 - r**4/3 - r**3/3 - 9*r**2/2 + 13*r. Let z be (-40)/(-5) + 3 - 4. Is k(z) prime?
True
Let d(n) = -14*n**2 - 26*n + 16. Let s be d(-6). Let t = 955 + -1546. Let j = s - t. Is j prime?
False
Let h = 90 - 82. Let g(c) = 4*c**3 + 17*c**2 + 16*c - 13. Is g(h) a composite number?
False
Let v(m) = -203157*m - 235. Is v(-2) prime?
False
Let y be -2 + (-4)/1 + -25. Let b = y + 31. Suppose -2*o - 301 + 105 = -i, b = 4*i + 2*o - 774. Is i composite?
True
Let h = 26609 - -231338. Is h a prime number?
True
Let o be 21*(9 + (-3 - 5)). Suppose -138697 = -34*g + o*g. Is g a prime number?
False
Let f = -108156 - -364697. Is f a prime number?
True
Suppose 46*n - 1617361 = -66*n - 39*n. Is n prime?
True
Suppose -91 = -3*w + 215. Suppose 15*y - w - 3 = 0. Suppose -n + f = -16 - y, 0 = 5*n + 2*f - 87. Is n composite?
False
Suppose -2*y = 0, r + 6 = 2*r + 5*y. Suppose 34 = r*w - 32. Suppose w*u - 6*u = 2815. Is u prime?
True
Suppose 5*n + x + 270 = 0, -4*n - 222 = 6*x - 4*x. Let f = n + 58. Suppose 1236 = 4*k - f*b, 3*b + 977 = 2*k + 361. Is k a composite number?
True
Let t(f) = 27*f**2 - 19*f + 66. Let n be t(3). Is (4473/n)/(1/268) prime?
False
Let m = 171902 + 157505. Is m a prime number?
False
Suppose 2*u + 2*g - 32 = 0, 0 = -5*u + 4*g + 41 + 12. Let h(a) = -8*a - 9*a - u*a - 5 - 4*a. Is h(-6) composite?
False
Let b(f) be the third derivative of 8*f**6/3 - f**5/12 + f**4/4 + 7*f**3/6 + 3*f**2 - 18. Is b(4) composite?
False
Is 3942522/14 + (360/378 - 30/45) a composite number?
False
Let v(p) = -746969*p**3 - 17*p**2 - 20*p + 2. Is v(-1) prime?
False
Let f(p) = p**3 - 3*p**2 - 2*p - 5. Let w be f(4). Let m(d) = 3*d + 9 - 6*d**2 - d + 4*d + 37*d**w. Is m(4) composite?
True
Is (-4)/20*-25 - -7316 a prime number?
True
Let i(c) = -c**3 - 22*c**2 + 31*c - 13. Let t be 6/21 - 822/(-14). Suppose -10*d = t + 191. Is i(d) composite?
False
Suppose 2*y - 65*w = -64*w + 24288, 4*y + 2*w - 48568 = 0. Is y a prime number?
True
Suppose 24*y + 69*y - 1977776 - 20744635 = 0. Is y prime?
False
Suppose 5*b + r - 3170990 = 0, 90*b = 95*b - 4*r - 3171015. Is b a composite number?
False
Let n(l) = -3*l**2 + 2*l + 1. Let z be n(2). Is 40/7 + -6 - 19497/z a prime number?
False
Let s be (-7 - 59/(-5))*-1200. Let u = 10087 + s. Is u composite?
False
Suppose 0 = 208*u - 28371192 - 14304376. Is u a prime number?
True
Let w(g) = -g - 3. Let i(u) = 2. Let m(a) = 3*i(a) + 2*w(a). Let y be m(-26). Suppose 3935 = -47*f + y*f. Is f a prime number?
True
Let g = 11 - 6. Suppose -4*y + 1 = g*n - 16, 2*y - 2*n - 4 = 0. Is 0 + y/(-2)*(-2994)/9 composite?
False
Suppose -16*n = -1297767 - 1687049. Is n a composite number?
False
Let m(d) = -3*d**2 - 9*d - 16. Let k be m(-5). Let q = k - -62. Suppose q*u = 1064 + 3624. Is u composite?
False
Suppose -132*c - 55*c - 58*c + 183814435 = 0. Is c a composite number?
True
Let f(z) be the third derivative of -z**5/60 - 5*z**4/4 - 10*z**3 - 12*z**2. Let g be f(-27). Let k(r) = r**3 - 21*r**2 + 2*r + 47. Is k(g) prime?
True
Suppose 5*g = -3*y + 25193, -y - 2*y + 4*g = -25184. Suppose 4*k = 8*k - y. Is k a prime number?
True
Suppose 0 = -4*f + 3*h + 135704, 50*f = 53*f + 3*h - 101757. Is f composite?
False
Let n = 1150468 - 738401. Is n composite?
False
Let y(d) = -9*d - 20*d + 47 + 4. L